0/(-42). Suppose b = -5*v + 1, -2*b = -v + 5*v - 2. Let q = 7 + v. Calculate the greatest common factor of q and x.
7
Let q be (-1 + 5/3)*18. Let n(g) = 17*g**3 + g - 6. Let j be n(2). What is the highest common divisor of q and j?
12
Suppose 36 = 13*h - 4*h. Suppose -13*q = h*q - 272. Let o = 6 + -2. What is the greatest common divisor of q and o?
4
Let f be (12/5)/((-12)/(-90)). Let u = f - 12. Suppose 26 = -4*g + u*g. What is the highest common divisor of g and 65?
13
Let r be (-50)/(-3) + 4/(-6). Suppose -2*s + s = -r. Let w(g) = -31*g - 14. Let k be w(-2). What is the greatest common divisor of k and s?
16
Let k = 2 + -2. Suppose -r + 4*h - 4 = 8, k = -2*r - 3*h + 31. Let o = 219 + -218. What is the greatest common factor of o and r?
1
Suppose 3*j + i - 142 = 0, 7*j - 4*i + 88 = 9*j. Calculate the greatest common factor of j and 768.
48
Let a(b) = -b**3 - 2*b**2 - 2*b + 4. Let n be a(-3). Let y = 31 + n. Let d be 3/(-1) - 5/((-95)/437). What is the greatest common divisor of d and y?
10
Let o(w) = w - 2. Let u be o(5). Suppose 2*t = -4*b, -u*t - 4 = t + 4*b. Let r be t/4 + (-35)/(-10). Calculate the highest common factor of r and 9.
3
Let h be (-54)/(-8) + 4*1/16. Let l(m) = -27*m**3 + m**2 - m - 1. Let i be l(-1). Calculate the highest common divisor of h and i.
7
Let k(f) = f**2 - 4. Let j be k(-7). Let h = j + -34. What is the highest common factor of 121 and h?
11
Let y = 21 - 29. Let i be -3*y/6 - -77. Suppose -5*s + 27 = -2*s. What is the highest common factor of s and i?
9
Let j = 333 - 207. Calculate the highest common divisor of j and 14.
14
Let p = 15 + -9. Suppose -3*r + g = -6, 0*g + 2*g = -4*r + 18. Suppose -h - 5 = -r, -2 = -3*u - 5*h. Calculate the greatest common factor of u and p.
2
Let p = -35 + 81. Let o = p - 43. Calculate the highest common divisor of o and 33.
3
Let s be (-3354)/(-182) - -4*3/(-28). What is the greatest common divisor of s and 48?
6
Suppose 43*w = -9*w + 1976. Calculate the greatest common factor of w and 1938.
38
Let d = 897 - 633. Suppose 41*t = 38*t + d. Calculate the highest common factor of t and 8.
8
Let q be 2*1/((-2)/(-31)). Let p = q + -7. Suppose -3*c = -8*c + 1080. What is the greatest common divisor of p and c?
24
Let n(s) = -s**2 - 6*s + 4. Let u be n(-5). Suppose 3*v + 6 = -h + 17, h - 5 = -v. What is the highest common divisor of v and u?
3
Suppose 12 = 3*w + 2*s, -5*w + 4*s = -2*w - 12. Suppose -2*f - 5*x - 11 = 0, 3*f + w = 5*f + 2*x. Calculate the highest common divisor of 21 and f.
7
Let u(k) = -3*k**3 + 9*k**2 - 8*k - 18. Let z be u(-4). Calculate the highest common factor of 40 and z.
10
Suppose 3540 = -9*j + 4*j. Let r be 8/(-52) + 0 + j/(-39). Suppose 2*v = 2*b - 2 + 32, 2*v + 5*b = 51. Calculate the greatest common divisor of r and v.
18
Let t(r) = r**3 + 20*r**2 - 70*r - 19. Let d be t(-23). What is the highest common divisor of d and 156?
4
Let k = -234 - -241. Calculate the greatest common factor of 21 and k.
7
Let b be 1/2 - (-51)/(-6). Let g = b - -12. Let w(n) = -n + 36. Let v be w(0). Calculate the greatest common factor of v and g.
4
Suppose 2*f + 4*k = 68, 5*f = f + k + 154. What is the greatest common divisor of f and 19?
19
Let t(r) be the first derivative of r**2/2 - 5*r + 6. Let u be t(5). Let l(w) = -w**3 + w + 6. Let a be l(u). What is the highest common factor of a and 3?
3
Let o(g) = -6*g - 2. Let z be o(-1). Suppose -2*x + z*c + 128 = 6*c, -3*x = c - 188. Calculate the greatest common divisor of 93 and x.
31
Let x be 16*-1*((-12)/(-48) + -5). What is the highest common factor of x and 12?
4
Suppose -3425 = -4*m - o, 2*m + 0*m = -o + 1715. What is the highest common factor of 19 and m?
19
Suppose 13*n - 15*n = 2. Let w be -1*n/(4/68). What is the greatest common factor of 17 and w?
17
Let v = 11 + -13. Let d be 0 + (v - 0) + 52. Let h = d - 25. Calculate the highest common factor of 125 and h.
25
Let k = 124 + -100. Calculate the greatest common factor of 32 and k.
8
Let p be 1 - (11*-2 + -8 + 6). What is the greatest common divisor of 875 and p?
25
Let o(g) = -16*g + 1. Let i be o(-1). Suppose 0 = 12*t + 27*t - 2652. What is the greatest common divisor of i and t?
17
Let o be (-13)/((-325)/20) - (-6)/5. What is the highest common divisor of o and 46?
2
Let j(b) = b**2 - 2*b - 8. Let w be j(-5). Let n = w - -63. What is the greatest common factor of 9 and n?
9
Let o(q) = q**2 + 2*q + 5. Let h be o(-7). Let n = h + -34. Calculate the highest common divisor of n and 15.
3
Let r = -2254 + 2258. Let m = 39 + -19. What is the highest common divisor of r and m?
4
Let r be (-1)/(((-5)/15)/(2/6)). What is the greatest common divisor of r and 67?
1
Suppose 16*n + 1348 = 308. Suppose -3*p = 2*h + h + 591, 594 = -3*h - 2*p. Let c = n - h. Calculate the highest common factor of 54 and c.
27
Let w be ((3 - 5)/2)/(-1). Suppose 3*k + j - 16 = 0, -j + 4 = -4*k + 4*j. Calculate the highest common divisor of w and k.
1
Let n(z) = z**2 - 10*z + 18. Let p be n(6). Let b(r) = -4*r - 4*r - 2 + 4*r. Let h be b(p). What is the greatest common divisor of 11 and h?
11
Let y(s) = -53*s - 6. Let x be y(-4). Let k = -12 + 17. Suppose -k*c + 44 + x = 0. Calculate the greatest common divisor of c and 10.
10
Let v(p) = -21*p - 11 + 7*p + 5*p + 7*p. Let w be v(-18). What is the highest common divisor of w and 10?
5
Let v be (1 - 4 - 1) + 7. Suppose -s + 32 = -v*f - 0*f, 0 = -s + f + 32. Let l = s + -16. Calculate the greatest common divisor of l and 24.
8
Let r be 7 + -4 + (85 - 0). What is the greatest common factor of 16 and r?
8
Let k = 627 - 623. Calculate the highest common divisor of 26 and k.
2
Let f(n) = n**3 - 7*n**2 + 17*n + 5. Let x be f(9). Calculate the highest common divisor of x and 240.
80
Let n(o) = -35*o**3 - 3*o**2 - o. Let h be n(-2). Suppose 4*g - 57 - 55 = -2*t, 2*g - 44 = -4*t. Calculate the highest common factor of g and h.
30
Suppose 230 = 5*v + 4*r, -5*r + 180 = 2*v + 71. Suppose -j - 350*m = -352*m - 300, -m = 4*j - 1173. What is the greatest common factor of v and j?
42
Let j = -2 - -4. Suppose -2*h = -15 - 1. Suppose -h*d + 18 = d. What is the highest common factor of j and d?
2
Let s(t) = -t**3 - t**2 - 13. Let p be s(0). Let v = -5 - p. Let k(n) = n**3 - 9*n**2 - 9*n + 6. Let u be k(10). What is the highest common divisor of v and u?
8
Let j = 150 + -54. Suppose -b - j = -7*b. Calculate the highest common factor of 8 and b.
8
Let u(g) = 2*g**2 + 13*g - 1. Suppose 3*h = 2*o - 31, o + 0*o + h = 18. Let c = o - 26. Let n be u(c). Calculate the highest common factor of 11 and n.
11
Let h(q) = -595*q**2 - 4*q - 3*q - 3*q + 2 + 5*q. Let v be h(2). Let j be 1/5 + v/(-60). What is the greatest common divisor of j and 100?
20
Let n(b) = b**2 - 7*b + 18. Let z be n(4). Let s be 37/4 - 12/(-16). What is the greatest common factor of z and s?
2
Suppose 3*a = -2*a. Suppose a = 5*c - 5*y - 420, 224 = 5*c - 4*y - 192. Calculate the highest common factor of 20 and c.
20
Let s(v) = -2*v**3 + 39*v**2 + 26*v + 114. Let y be s(20). What is the greatest common divisor of 104 and y?
26
Let y(g) = 9*g. Let i be y(3). Let b(a) = 7*a + 73. Let c be 20*2*(-2)/8. Let x be b(c). What is the greatest common divisor of i and x?
3
Let u be (-1 + -2)/((-9735)/(-696) + -14). Calculate the highest common factor of u and 87.
29
Let s be (3 + -2)/(1/11). Suppose -s*k = -14*k + 75. Calculate the highest common divisor of k and 225.
25
Let r(q) = q**3 - 3*q**2 + 2*q + 2. Let p be r(3). Suppose 3*k = 2*u + p, -k = 3*k + 2*u - 34. Calculate the greatest common divisor of 6 and k.
6
Let g(d) = 2*d**2 + 16*d - 19. Let k be g(-12). Let l = -21 + k. Calculate the highest common factor of 7 and l.
7
Let p be (111300/(-9))/(-10) + 4/(-6). What is the highest common factor of p and 36?
12
Let i(g) = g**2 - 11*g + 18. Let w be i(11). Calculate the highest common divisor of 9 and w.
9
Let o(f) = 2*f**2 - 21*f - 38. Let b be o(-6). What is the highest common divisor of 8 and b?
8
Let v = -330 - -340. Calculate the highest common factor of v and 50.
10
Let a = 47 - 19. Let c be 42/a - (-7)/2. Suppose -50 = -c*g - 2*j, 2*j = 5*g - j - 75. What is the greatest common divisor of 18 and g?
6
Let l be -9 + 9 + 7*8. Let i be (-24)/l - 3030/(-14). Calculate the highest common factor of i and 24.
24
Let o(b) = -5 -